{"id":14806,"date":"2021-08-13T17:05:26","date_gmt":"2021-08-13T20:05:26","guid":{"rendered":"https:\/\/www.mcacanal.com\/2021\/?page_id=14806"},"modified":"2021-08-13T17:09:43","modified_gmt":"2021-08-13T20:09:43","slug":"newsletter","status":"publish","type":"page","link":"https:\/\/www.mcacanal.com\/2021\/newsletter\/","title":{"rendered":"Newsletter"},"content":{"rendered":"\n<p>MCA INSTITUTE<\/p>\n\n\n\n<p>\u00bfDeseas recibir informaci\u00f3n transformadora? Te enviaremos directamente informaci\u00f3n que te ayudar\u00e1 en el proceso de transformaci\u00f3n, \u00faltimas novedades y actividades de MCA CANAL.<\/p>\n\n\n\n<p>[email-subscribers-form id=&#8221;1&#8243;]<\/p>\n","protected":false},"excerpt":{"rendered":"<p>MCA INSTITUTE \u00bfDeseas recibir informaci\u00f3n transformadora? Te enviaremos directamente informaci\u00f3n que te ayudar\u00e1 en el [&hellip;]<\/p>\n","protected":false},"author":1303,"featured_media":0,"parent":0,"menu_order":0,"comment_status":"closed","ping_status":"closed","template":"","meta":{"footnotes":""},"class_list":["post-14806","page","type-page","status-publish","hentry"],"_links":{"self":[{"href":"https:\/\/www.mcacanal.com\/2021\/wp-json\/wp\/v2\/pages\/14806"}],"collection":[{"href":"https:\/\/www.mcacanal.com\/2021\/wp-json\/wp\/v2\/pages"}],"about":[{"href":"https:\/\/www.mcacanal.com\/2021\/wp-json\/wp\/v2\/types\/page"}],"author":[{"embeddable":true,"href":"https:\/\/www.mcacanal.com\/2021\/wp-json\/wp\/v2\/users\/1303"}],"replies":[{"embeddable":true,"href":"https:\/\/www.mcacanal.com\/2021\/wp-json\/wp\/v2\/comments?post=14806"}],"version-history":[{"count":3,"href":"https:\/\/www.mcacanal.com\/2021\/wp-json\/wp\/v2\/pages\/14806\/revisions"}],"predecessor-version":[{"id":14812,"href":"https:\/\/www.mcacanal.com\/2021\/wp-json\/wp\/v2\/pages\/14806\/revisions\/14812"}],"wp:attachment":[{"href":"https:\/\/www.mcacanal.com\/2021\/wp-json\/wp\/v2\/media?parent=14806"}],"curies":[{"name":"wp","href":"https:\/\/api.w.org\/{rel}","templated":true}]}}